 - -4 - (-5 - 4 - -1)?
-82
Evaluate 10 + (-47 - -4) + 67.
34
What is 36 - (14 - (6 + -38))?
-10
9 - 0 - (-96 + 55 + 26)
24
-6 + 2 + -7 + 23 + (-107 - -11)
-84
What is the value of -36 + (-492 - -517 - (-23 + 2))?
10
Evaluate 4 + -11 - ((-1 - -51) + (-9 + 3 - -14)).
-65
What is the value of 6 - (2 - (-2 + -3) - (484 + -515))?
-32
-82 - (-64 - (2 - 105))
-121
54 - 214 - -132 - (-4 + 3)
-27
What is (51 + (34 - 12) - 8) + 8 + (11 - -2)?
86
What is 2 - 57 - ((-4 - (-17 - -14)) + (-6 - 0))?
-48
(23 + -26 - 41) + -5 + 1 + 2
-46
What is 10 + -35 + 36 - (17 - 11 - (1 + -15))?
-9
Calculate 57 + 49 - (-12 - -1 - (33 + -54)).
96
Calculate (-17 - -16 - 11) + 25 + 1 - 5.
9
What is -111 + (58 + -27 - -11)?
-69
Evaluate (84 - 41) + -24 + -2 + -26 + (0 - 44).
-53
What is (14 - (-2 + 17 - (-202 + 229))) + 5 + 1?
32
What is the value of 34 - (-11 + 13 + -10 + -10 + 30)?
22
Calculate -2 - -48 - (571 + -484).
-41
-69 + (1 - 5) + -628 + 615
-86
Calculate (0 - 3) + -16 + -1 + 188 + -226 + 31.
-27
Calculate 4 + 10 + -53 + (-20 - (-7 - -6)).
-58
Calculate 18 + (-73 - (23 + -39 - -3)).
-42
Evaluate 16 + (-21 - (9 - (13 - (1 + -10)))) - 146.
-138
Evaluate -12 - (-1 + 8 + 72 + -71).
-20
(-3 - 64) + (-21 + 6 - (-11 + (-7 - -10)))
-74
Evaluate 35 - 1 - (4827 + -4791).
-2
Evaluate 11 + (1 - 1) + -1 + (-9391 - -9357).
-24
5 + -6 + (165 - 143)
21
Evaluate (-17 - -54) + -37 + -4.
-4
-1 - ((-3 + 24 - 8) + (-23 - -3))
6
What is (21 - (-31 - (-31 - 26))) + -11?
-16
Calculate 67 - 68 - (-96 + 0) - (50 - 44).
89
Evaluate 4 + 0 + 4 + -23 - 10.
-25
Evaluate 106 + (84 - 106 - 72).
12
-22 - (-49 - (-26 + -24))
-23
Evaluate (0 + 1 - 59) + -12 + 5.
-65
Calculate 16 - ((-15 - -22) + 0 - (-4 - -13)).
18
-17 - (-17 + (-4 - (16 - 36)))
-16
(-45 - (-67 - 71)) + 24 + (1 - 14)
104
Calculate -35 - (-36 - (-49 + 50)).
2
-360 + 322 + 5 + 3 + -8
-38
2 + (7 + 3 - 51 - -22)
-17
Calculate -9 + 18 - (12 - (-9 + -2)).
-14
Calculate -13 + (64 - 9) + (-5 - -21).
58
What is (10 - ((2 + 3 - 1) + 13)) + 13?
6
58 + (48 - -33) + -169
-30
What is (-3 + (8 - -18) - -3) + -20?
6
Calculate -197 + 84 + -6 + (0 - -2).
-117
Calculate 11 + -119 + (4 - (28 - 13 - 4 - 1)).
-114
What is (-1 - 2) + 1 - -3 - (-73 - (-73 + 20))?
21
What is the value of -13 + (-33 + 15 + 2 - (12 - 37))?
-4
What is (-23 - -27 - (0 + -1)) + -44?
-39
Evaluate -149 - (61 - 98 - 114).
2
Calculate (3 - (3 - 3)) + -37 - (-1131 - -1139).
-42
What is -4 - (20 + -18 + 2) - (-44 - 34)?
70
What is 27 + 28 + -36 + 4 - 21?
2
Calculate -18 + (-17 - -11) - -20 - (-21 - 0).
17
Calculate 0 + 37 + -34 - -31.
34
Calculate -1 + -17 - (-2 - -10 - (205 + -198)).
-19
Calculate 7 + 0 + 35 + 2 + -17 + -7 + 2.
22
What is the value of (-498 - -441) + -4 + 28?
-33
Calculate 0 + (-57 - -12) + 63.
18
4 + -73 - (21 + -9)
-81
What is -2038 + 2127 + (-12 - ((4 - 2) + -2))?
77
Calculate -12 - (7 + -9 + 5) - (4 + 9).
-28
1 + (67 - 0) + -1 + (-269 - (303 - 578))
73
What is the value of 49 + -40 + -14 + 8?
3
26 + -1 + (-27 + 67 - 1) + -34
30
-6843 + 6807 + 168 + 1
133
Calculate 44 - 114 - -153 - 118.
-35
What is 3652 + -3607 - (76 - 4 - 2)?
-25
-7 + 3 + (9 - (-1 + 9)) + 1
-2
(7 - 0 - (-5 + 3 + 1)) + -1652 + 1575
-69
Evaluate -1 + (3 - -1) - (-5488 - -5481).
10
(40 - -1 - 69) + 106 + (2 - -2)
82
46 + -1 + -3348 + 3358
55
Calculate (26 - ((7 - 2) + 28)) + -1 + 6.
-2
Evaluate 17 + 5 + -1 - (273 + -275 - (0 + 8)).
31
What is -2 + 62 - -8 - (30 - (6 + 22))?
66
Calculate 28 - (132 - 55 - 6).
-43
What is 1 - (18 - (10 + 0))?
-7
(-13 - -13) + (14 - 24 - -20) + (-5 - 12)
-7
What is -6 + (94 - 52) - (1 - -20) - -66?
81
What is -39 - (0 - (4 + -4)) - (-13 + -44 + 63)?
-45
Evaluate 58 - ((-1 - 86) + 127).
18
3 - (-4 + -2 + 13 + (8 - 14) - 2)
4
Evaluate 24 + -43 + 16 - (-67 + -14 - (5 + -1)).
82
Evaluate -5 + (-33 - (5 - (10 + -8)) - 11).
-52
18 + (3 - 29) + 9 + 1 - (121 - -2)
-121
-34 + 32 - (0 - -10 - (-25 + 0 + 30))
-7
-62 - (-230 + 253 + (-33 - 3))
-49
What is the value of 4 + (41 - 2) + (-27 - (-52 - -24))?
44
Calculate 0 - -12 - -1 - (-30 - (-69 + 18)).
-8
What is the value of 118 + -134 - (4 - (-5 - (0 + 47)))?
-72
What is 0 - -65 - (-348 - -342)?
71
Evaluate 102 + (-64 - -60) + -44.
54
What is 230 + -172 + (-3 - 28)?
27
What is the value of (-3 - 2 - (-2 - 18)) + 193 + -78?
130
Evaluate -22 - (1 - 5) - (-15 + -21 - (-17 + -8)).
-7
Evaluate 3 - (6 - 0) - (-7 + (-15 - -12 - -25)).
-18
Calculate -8 - (90 + -115 + (-2 - -50)).
-31
What is (-4 - -1) + -34 - (572 - 590) - 45?
-64
What is the value of 3 + 10 + -10 - (-12 + (-5 - (-4 - 36)))?
-20
What is the value of -90 - (19 - 53 - -9)?
-65
What is the value of -24 - (7 + -6) - -33?
8
3 - (9 + -32 + -24 + 4)
46
Calculate -15 + (-117 + -51 - -180 - (22 + 0 + -1)).
-24
(-15 - -15) + 13 - (1 - 21)
33
Evaluate 33 + (17 - 39) + -3 + 20.
28
Calculate 26 + 0 + 46 + -59.
13
0 + 14 - (99 - (64 + 26))
5
Evaluate 7 + 35 + 87 + -70 + -2 + -10.
47
Calculate 1 - -12 - (-192 + 247 + -23 + -1).
-18
What is (26 - (32 + -40)) + (-113 - 12)?
-91
What is the value of -1186 + 1202 - (-1 + 63)?
-46
What is the value of 61 + -131 + 90 + 41 + -6?
55
What is 42 + 4 + (-10 - -6) - (-2 + 21 + -17)?
40
Evaluate 21 - -70 - (27 - -42).
22
What is -65 + 98 - (0 - 6)?
39
Calculate 6 + (16 - (0 - -8 - -4) - 12).
-2
What is the value of (1 - 26) + (-319 - -417) + -156?
-83
(-10 - -3) + (3 + -13 - -2) + 6 + -7
-16
Calculate -75 + -4 + 141 + -121.
-59
(-1 - 5) + (19 + (-42 - -14) - -1)
-14
Evaluate 4 + (397 - 351 - (-1 + -31)).
82
Evaluate (53 - 35) + -29 + 15.
4
What is 5 + -20 - (1 - 5) - -4 - (-21 + 28)?
-14
What is 18 + -7 + -27 - -20 - (95 - 4)?
-87
Evaluate (21 - (62 - -18)) + 58.
-1
(11 - (-16 - -31)) + -54 + 11 + -9
-56
Calculate -50 + (115 - (-34 + 69)).
30
-4 - (-17 - (-15 + -4 + 13)) - -6
13
What is the value of (3 + -59 + 28 - (6 - -5)) + (1 - 10)?
-48
What is (5 - (-25 - -4) - 22) + 10?
14
What is the value of 42 + (-88 - 37 - 15)?
-98
What is -36 - (-44 + 0) - -11?
19
What is (-4 + -7 - -5) + (-519 - -518)?
-7
Evaluate -1 + 0 + 0 + (341 - 201) + -133 + 20.
26
(1 - (-1 - (-4 - -1))) + (9 - (-6 - -23))
-9
Calculate 7 - 53 - (-97 + -47 + 32).
66
Calculate -11 + -17 + 1 + -31 + 19.
-39
-5 + 6 + (1 - 2) + -110 + 125 + 58
73
Calculate (48 - (8 - ((16 - 11) + -12))) + -2.
31
Calculate 46 + -49 + -2 + 5 + 6 + -4 + -57.
-55
Evaluate 121 - (-161 + 495) - -127.
-86
Calculate 70 - ((2 - 1) + -2 - (42 + -16 - 16)).
81
What is the value of 7 - (-6 + 109) - -206?
110
What is the value of 17 + 3 + -1 - 2 - (-12928 + 12869)?
76
Calculate 97 - (38 - -14) - 98.
-53
What is the value of 4 - (-3 - 2) - 0 - (-51 + 2 + -5)?
63
What is the value of (-18 - -69) + 13 + -8?
56
What is the value of -83 + 132 + -31 + -37?
-19
(85 - 80) + (-11 - ((7 - 4) + 1))
-10
What is 2 + 0 + 2181 + -2144?
39
-23 + (-19 - -2 - (-156 + 87))
29
Evaluate 21 - (-51 + 19 + 18 - -73).
-38
-35 + 28 + (82 - 81)
-6
Calculate 21 - (21 + (-36 - -37) - 28).
27
What is the value of -45 - (-1 + -9 - ((-47 - -28) + 22))?
-32
What is 184 + (-100 - (132 + -115))?
67
7 + (-26 - -37) + -37 + 25
6
8 + -5 + -1 + 45 - (596 + -606)
57
-2 + 3 + -67 - ((1080 - 1103) + (12 - 1))
-54
What is the value of 30 + -36 + (-18 - -59)?
35
Evaluate (85 - 110 - 52) + -12.
-89
Evaluate 3 - (3 + 6 + 7 - 11 - 2).
0
(6 - (15 + 13 + -15)) + (-32 - -2) + -2
-39
What is the value of (-7 - (8 + (-15 - 4))) + (14 - 14)?
4
What is the value of -836 + 838 - (2 + (-3 - -6))?
-3
5 + (-69 + 22 - -16) + -85 + (-1 - -10)
-102
(1569 - 1576) + (1 - 0) + 11
5
What is -42 + -17 + (89 - -10)?
40
31 + (-690 - -651) + -1 + 20
11
What is 46 - (23 + 24 + 1)?
-2
14 - (-42 - (-12 + (-3 - -1)))
42
Evaluate (-10 - ((-20 - -37) + -34)) + 2 + -14.
-5
Calculate 15 - (-8 - -25) - -14 - 32.
-20
Evaluate -6043 + 5902 - (-1 + -73).
-67
-18 + -1 - (-9 - (54 - 1))
43
What is the value of 17 + (4 - 23) + (43 - (-12 + 50))?
3
6 + -12 - -6 - (70 + 1 + -6)
-65
Calculate -26 + 2 + -7 + 1 + (-145 - -157).
-18
What is the value of -2 + (-514 + 531 - (0 + 29))?
-14
Calculate (48 - 11) + (-219 - -144).
-38
252 - 42 - (82 + -2)
130
What is the value of 6 - ((5 - 0) + -117 + 127 - 33)?
24
What is -16 + (104 - (-35 + 48))?
75
(-426 - -554) + 7 + -64
71
Evaluate 0 - (34 - ((7 - -6) + -5 - 13)).
-39
What is the value of -10 - (34 - 34) - -4?
-6
What is -34 - (-70 - (-8 - -8))?
36
Evalu